-5*i + 3*u = 58 - 487. What is the units digit of i?
4
What is the hundreds digit of (-176)/(-220) - (-2216)/5?
4
Let b(k) = k**2 + 23*k + 6. Let c be b(-23). What is the units digit of ((-26)/(-4))/(c/12)?
3
Let c(i) = -14*i + 217. What is the hundreds digit of c(-23)?
5
Suppose 5*q = -2*t + 868, -4*q + 192 = -3*t + 1494. What is the tens digit of t?
3
Let m(h) = -4*h + 5*h + 0*h. Let s be m(4). Suppose c = -3*o + 6, 5*c - 26 + 7 = -s*o. What is the units digit of c?
3
Let r(d) = 96*d**2 + 8*d + 17. What is the tens digit of r(-4)?
2
Let v(l) = 55*l**3 + 2*l**2 + 2*l + 1. Suppose -3*b - 3 = -0*b. Let n be v(b). Let y = n + 75. What is the units digit of y?
1
Suppose -2*g = -4 - 0. Suppose g*b = 9 - 5. Suppose b*u - u - 25 = 0. What is the units digit of u?
5
Suppose 17300 = -5*q + 2*t, 0 = -2*q - 3*t - 2836 - 4103. What is the tens digit of (-2)/12 + q/(-36)?
9
Suppose -z + 71 = n - 238, -n - 1539 = -5*z. Suppose -5*s = -7*s + z. What is the tens digit of s?
5
Let f(w) = -w**3 + w**2 + 6*w + 3420. What is the thousands digit of f(0)?
3
Let f = -11 + 10. Let h be (-3 + 2)/(f/4). Suppose -h*x = -12 - 24. What is the units digit of x?
9
Suppose 5*q + 54 - 4 = 0. Let k(s) = s**3 + 3*s**2 + 5*s - 14. Let d be k(q). What is the tens digit of d/(-10) + 2/(-5)?
7
Suppose -50 = 3*r - 4*l, 6*r = 3*r + 2*l - 40. Let s = r + 14. Suppose u - 85 = -s*u. What is the tens digit of u?
1
Suppose 5*k = 3*v - 27, -23 = -9*v + 4*v + k. Suppose -2*m - v = -10. What is the units digit of (23 - 2) + -3 + m?
1
Let h be (-3)/(-6) + (-15)/2. Let s = h + 9. Suppose -3*w = -0*r + s*r - 30, -3*w + 66 = 5*r. What is the units digit of r?
2
Suppose -41*l = 33*l - 39812. What is the hundreds digit of l?
5
Let t(s) = s**3 + 5*s**2 + 3*s + 1. Let z be t(-4). Let l(n) = -z*n + 3*n - n + 13 + 4*n. What is the tens digit of l(0)?
1
Let m = 873 + 199. What is the thousands digit of m?
1
Suppose 2522 = 6*q - 496. What is the tens digit of q?
0
Suppose -3*b - 2*b + 25 = 0. Let k be (-4)/6*-96 - -2. Suppose -b*p = m - 31, -2*p - k - 10 = -3*m. What is the tens digit of m?
2
Suppose -5*v = 2*c - 1000, -2*v + c + 589 = v. Let x = 304 - v. What is the hundreds digit of x?
1
Let u(j) = -121*j - 85. What is the hundreds digit of u(-5)?
5
Let b(g) = 10*g**2 - g + 2. Let p(h) = h - 3. Let i be p(1). What is the units digit of b(i)?
4
Suppose x + 4*x - 2*w - 1073 = 0, 2*w - 2 = 0. What is the hundreds digit of x?
2
Let m(k) = -k + 96 + 1 + 6*k**2 - 7*k**2 + 39. What is the tens digit of m(0)?
3
Let g be (-6)/27 + (-3616)/(-72). Let d = -27 + g. What is the units digit of d?
3
Suppose 0 = 2*b - 286 - 36. What is the units digit of b?
1
Let w(i) = 166*i + 802. What is the units digit of w(11)?
8
Let i(c) = -3*c**3 + 4*c**2 - 4*c + 3. Let d be (-4)/(-18) + (-144)/(-81). Let b be i(d). Let j = 30 + b. What is the tens digit of j?
1
Let v = 381 + -17. What is the hundreds digit of v?
3
Suppose -18*x + 2*z + 4210 = -14*x, 4*z = -x + 1066. What is the hundreds digit of x?
0
Let u be (6 - 8)/((-4)/118). Let z = -18 + u. What is the units digit of z?
1
Suppose 3*v - 5*s - 3059 = 0, 2*s + 5092 = 5*v - 0*s. What is the hundreds digit of v?
0
Suppose 3*k + 177 = 5*t - 2*t, 0 = 3*t + 3*k - 195. Suppose 60*c - t*c + 194 = 0. What is the units digit of c?
7
What is the units digit of (4 - 18/3)/(2/(-58))?
8
Suppose 0 = -d - 3*q + 8, 2*d + q = d + 4. Let r be d + (-4)/1 + 97. Let t = 153 - r. What is the units digit of t?
8
Let t be (-36)/9 - 6/(-1). Let f be (10/(-4))/(t/(-4)). Let b = 5 + f. What is the tens digit of b?
1
Suppose 27*u + 5*t = 26*u + 862, -3*u + t + 2650 = 0. What is the units digit of u?
2
What is the tens digit of (-1 - -21)/(-4) - -575?
7
Let m = -421 - -456. What is the units digit of m?
5
Suppose -2*x + 984 = n, 11*n + 3*x = 12*n - 969. What is the units digit of n?
8
What is the hundreds digit of -24*355/(-8 + 3)?
7
Let m(l) = -17*l + 21. What is the tens digit of m(-17)?
1
Suppose -f = -r, -2*f + 3*r = -0*r. Suppose -i + f = -2. Suppose -114 = -5*g + i*g. What is the tens digit of g?
3
Let z = -28 - -33. What is the units digit of 448/35 - (-1)/z?
3
Suppose -50 = -3*t - 158. Let v be (-892)/t - 2/(-9). Suppose -v = 2*q - 3*q. What is the units digit of q?
5
Suppose -g - 2*n + 2696 = 0, 5*g - 4*n = 3920 + 9490. What is the thousands digit of g?
2
Suppose -4 = -4*x, -2*v = 4*x + 21 + 11. Let t = -5 - v. Let w = t + 4. What is the tens digit of w?
1
Suppose -12*n - 71 = -13*n. Suppose -9*m - n = -305. What is the units digit of m?
6
Let q(a) = 8*a + 24. Let y(i) = 9*i + 24. Let h(n) = -5*q(n) + 6*y(n). What is the tens digit of h(5)?
9
Suppose 4*q - 10 = 2*q, 5*f - 2*q = 20. What is the tens digit of (f*(-1)/5)/(3/(-700))?
8
Let t = 1 - -4. Let b be (15 - (2 - -3)) + -5. Suppose -b*a = 2*r - 82, a - 25 - t = 3*r. What is the units digit of a?
8
Let g(m) = -m**2 + m + 10. Let y be -16*(-3)/18*-3. Let w be 0*(1 + 12/y). What is the tens digit of g(w)?
1
Let b(o) be the third derivative of -9*o**4/8 - 10*o**3 - 45*o**2. What is the units digit of b(-7)?
9
Suppose -8*t + 818 + 1646 = 0. Suppose -i = 0, -5*s - 4*i = t - 1158. What is the tens digit of s?
7
Let b(q) = -q - 1. Let z(o) = 9*o + 16. Let a(v) = -4*b(v) - z(v). What is the units digit of a(-8)?
8
Suppose -11*w + 24 = -5*w. What is the units digit of 542/w - (-5 - (-54)/12)?
6
What is the units digit of 7/(42/(-36)) + 704?
8
Suppose -4*n + 111 + 133 = 0. Let m = n - 18. What is the units digit of m?
3
Let l(c) = c**2 - 5*c - 6. Suppose 0*z - 28 = -4*z + 4*i, 0 = -z - 5*i - 23. Suppose 0 = -k - h + 9, -23 = -z*k - k - h. What is the units digit of l(k)?
8
Let z(p) be the second derivative of 14*p**3/3 - 5*p**2 + 4*p. What is the tens digit of z(2)?
4
Suppose 10 = 2*c + 3*v, 0*c + 25 = 5*c - 2*v. Let s(w) = 9*w - 11*w + 1 + c*w. What is the units digit of s(2)?
7
Let w(o) = -95*o**3 - 25*o**2 - 18*o - 3. What is the thousands digit of w(-4)?
5
Let z = 9 - -378. What is the hundreds digit of z?
3
Let f = 79 + -64. What is the units digit of f?
5
Let k = -403 - -623. What is the units digit of k?
0
Let t = -31 - -41. What is the units digit of 110/6 - t/(-15)?
9
Let b be (-10)/(-4) + ((-3)/(-2))/3. Suppose 9 = -3*s, -4*y - b*s - 159 = -6*y. What is the tens digit of y?
7
Let p = 2070 + -1046. Let o be p/(-56) - 4/(-14). Let x = 27 + o. What is the units digit of x?
9
Let a(f) = 3*f - 5. Let z be a(0). Let u(t) = -t**2 - 4*t - 4. Let m be u(z). Let g = m + 21. What is the tens digit of g?
1
Let w(q) = -2*q**2 + 13*q - 6. Let s be w(6). Suppose -5*x + 187 + 353 = s. Let m = x - 57. What is the tens digit of m?
5
Suppose 5*j + 4*c - 1516 = 0, -3*j - 588 = -5*j + 3*c. What is the units digit of (j/(-35))/((-3)/14)?
0
Let n = -29 + 32. Let g be (-2)/(-4) + 3/2. Suppose g*m = 3*b - 197, -5*b - 102 + 429 = -n*m. What is the tens digit of b?
6
Let w = 4 + -2. Let h be 0/w + 2 + 1. Suppose -2*l + h*i = -65, 4*l - 85 = l + 2*i. What is the tens digit of l?
2
Let n = 2052 - 1008. What is the tens digit of n?
4
Let k(b) = b**3 + 26*b**2 - 94*b + 26. What is the units digit of k(-29)?
9
Suppose -t = -3*u + 34, 0 = t + 2*u - 0*u + 9. Let b = t - -27. What is the units digit of 2/b + 1177/44?
7
Suppose u + 8 = -4*b, -6 = b + 5*u + 15. Let g(y) = -17*y**3 + y. What is the tens digit of g(b)?
1
Let t(q) = -q**2 - 2*q + 11. Let b be t(0). Let l = 11 - b. What is the units digit of (-2 - -10) + 4 + l?
2
Suppose 13 = a - 2*x, -2*a + 52 = 2*a + 3*x. Let h = a - -80. What is the tens digit of h?
9
Let k = -1124 - -2153. What is the tens digit of k?
2
Suppose -4*h + 16 = -136. Let r = h + -2. What is the units digit of r?
6
Let s = -5656 - -7960. What is the tens digit of s?
0
Let a = -1140 - -2215. What is the tens digit of a?
7
Let f(b) = -19*b - 358. What is the units digit of f(-26)?
6
What is the units digit of ((-4)/16)/((-3)/888) + 4?
8
What is the hundreds digit of -2 - (62208/(-30) - 8/20)?
0
Suppose 28*t + 6526 = 23998. What is the hundreds digit of t?
6
Suppose q + 3*r = 1642, 2*q - 2*r - 3284 = -0*q. What is the thousands digit of q?
1
What is the hundreds digit of 727 - (-2 - (-6 - -8))?
7
Suppose 8*z - 7*z - 4 = 0. Suppose 3*b + j - 2 - 314 = 0, 4*b - 408 = -z*j. What is the hundreds digit of b?
1
What is the thousands digit of (-130)/(-5